q be -11 - -1 - (2 - 0). Let i = 33 + q. Is i a prime number?
False
Let j be ((-6)/(-9))/((-2)/(-15)). Suppose j*a - a = 0. Suppose 5*p - 144 - 251 = a. Is p a prime number?
True
Suppose 120 = s + 3*s. Is ((-1524)/s)/((-3)/15) a composite number?
True
Let j be -3 - 4/(-2) - -1. Let a = j + 19. Is a a prime number?
True
Let n(h) = 3*h**2 + 7*h - 9. Let p be n(-7). Suppose -p = -5*i + 186. Is i prime?
False
Let u = -21 - -15. Let s be (-22)/u + (-3)/(-9). Suppose -c + 3 = -s. Is c composite?
False
Suppose -5*c - 1474 = -2*p, -2*p - 4*c + 1474 = -0*p. Is p prime?
False
Suppose -6*l + 11*l = 0. Suppose -5*h = 3*o - 88 - 81, l = 3*o + 2*h - 163. Is o composite?
False
Let i = 430 + -221. Is i a composite number?
True
Suppose -x - 4 + 6 = 0. Suppose 0 = -x*y + y. Suppose -3*q + 35 + 88 = 3*u, y = 3*u - 12. Is q a prime number?
True
Let j(w) = w**3 - 10*w**2 - 12*w + 16. Let t be j(11). Let h be 179/(1/t + 0). Suppose -5*p + 5*d + 1125 = -5, -4*p + d = -h. Is p prime?
True
Let y(u) = 5*u**3 - 3*u**2 + u + 1. Is y(6) a composite number?
True
Let t = 3982 + -986. Suppose -3*o = o - t. Is o a composite number?
True
Let i be (-81)/(-2)*4/3. Let t = i + 131. Is t a prime number?
False
Let t(a) = -9 + 4 + 9 + 6*a + 4*a**2. Let q be t(-4). Is (-2 - 0) + q - 3 prime?
False
Suppose -3*y - 2*y = -5*i + 140, 4 = y. Suppose 46 = 6*a - i. Is a a composite number?
False
Suppose 3*c + 5*p = -15, 0 = 4*p - p + 9. Suppose 3*v = 6*v + 15, c = -4*g + 4*v + 1048. Is g composite?
False
Suppose -5871 = -5*x + 5*z - z, -x + 1175 = -z. Is x prime?
True
Let n be 10/(-35) - (-32)/14. Let p be (8/(-10))/(n/10). Is (-57)/p + (-2)/8 a prime number?
False
Suppose 1097 = 3*l + 2840. Is l*(-7 + 4 + 2) prime?
False
Is 1*-7978*((-9)/(-6) - 2) composite?
False
Let z = -73 + 42. Let s = z + 14. Is (3 - -1)*s/(-2) a prime number?
False
Let b be ((-8)/(-10))/((-2)/(-5)). Let q be (2 - (2 - 0))/b. Suppose -3*n + 5*y + 96 + 60 = q, 3*y = -9. Is n a prime number?
True
Let p(j) = 24*j**2 - 8*j + 45. Is p(-11) a prime number?
True
Let n(d) = -45*d - 7. Let x be n(7). Suppose -227 = b - 36. Let h = b - x. Is h a prime number?
True
Let v(l) = -l**3 + 12*l**2 - 12*l - 10. Let u be v(11). Let b be u/(-6) - 2/(-4). Suppose -b*i = 23 - 251. Is i a prime number?
False
Let v(p) be the first derivative of p**4/4 + 3*p**3 - 7*p**2/2 + 3*p - 3. Is v(-8) composite?
True
Suppose 91 - 1180 = 3*j. Let y be j/12 - (-2)/8. Let l = -16 - y. Is l prime?
False
Let v(c) = 78*c**2 + 2*c + 1. Let k be v(-1). Is (-4)/22 + 23037/k prime?
False
Is (-25192)/(-20) + (-6)/10 a prime number?
True
Suppose 3*y + 1684 = 2*n - 85, -4*n - 4*y + 3488 = 0. Is n a prime number?
True
Suppose 0 = -2*a - 0 + 2. Is a - (264/(-2) - 0) a composite number?
True
Let q = -89 + -77. Let y be q*(1/2)/(-1). Let r = -28 + y. Is r a prime number?
False
Let n be (-1)/3 - 38/(-6). Suppose -2*u - 2*a = -10, 0 = -5*a + 9 + 6. Suppose u*g - 3*g = -n. Is g prime?
False
Let w(q) = 2*q + 5. Let i be w(4). Suppose -2*k + 2 = -2. Suppose -i - 7 = -k*p. Is p a composite number?
True
Let a = 32 - -333. Let b = a - 181. Let y = 267 - b. Is y a composite number?
False
Let l(w) = 55*w**2 + 1. Is l(2) prime?
False
Let a be (-76)/10 + (-2)/5. Let r = -2 - 2. Let v = r - a. Is v a composite number?
True
Suppose 3*v - 8 = -4*b + 2, 0 = 5*b + 5*v - 15. Let l(u) = 87*u**2 - 1. Is l(b) a composite number?
True
Suppose m = -4*t + 24, -3*t - t + 36 = 4*m. Let a = 8 + -5. Suppose -f = -2*r - 57, -4*f + 173 + a = t*r. Is f composite?
True
Suppose 4*h - 318 = 126. Is h a composite number?
True
Let s(o) = -7*o**2 - 2*o + 3. Let n(y) = 14*y**2 + 4*y - 7. Let f(w) = -2*n(w) - 5*s(w). Is f(-4) a composite number?
False
Suppose 0 = 3*m + 3*h - 2679, 1640 = 5*m - 5*h - 2825. Is m prime?
False
Suppose 4*s + 90 = 2*s. Let l = s + 134. Is l a composite number?
False
Suppose 3*a + 0 = -9, 3*a + 49 = 2*g. Let m = g + -11. Is m a prime number?
False
Suppose -2*r = 3*p + 831, -7*p + 2*p - 1389 = 2*r. Let w = 406 + p. Is w a composite number?
False
Let l(m) = 55*m - 9. Is l(4) a composite number?
False
Let h = 840 + -359. Is h a prime number?
False
Let j = 313 + -62. Is j a prime number?
True
Let v(n) = -n**2 + 8*n + 3. Let x be v(8). Let p(q) = q**3 + q**2 - q - 1. Let j be p(4). Suppose -x*i = 2*i - j. Is i a composite number?
True
Suppose v - 7 = -3*x, -3*v = -2*x - 3*x - 7. Suppose 0 = s - 3, 0 = -v*p - p - 5*s + 45. Suppose -p*m + 295 = -m. Is m a composite number?
False
Suppose -2*r - 487 - 203 = 5*a, 2*a + r + 276 = 0. Let j = a - -229. Is j prime?
False
Suppose 2*v = -q + 2*q - 54, -2*q + 2*v + 108 = 0. Let r = q + 5. Is r a prime number?
True
Suppose 5*f - 2*r - 184 = 0, -f - 50 = -2*f - 4*r. Suppose -2*p = -f - 14. Is p prime?
False
Suppose -t + 22 = -4*d + 3*d, 3*t = -2*d + 71. Is t prime?
True
Let u = -287 + 29. Let z = u + 391. Let p = z + -6. Is p a composite number?
False
Let y = -4 - -7. Suppose 3*p - 129 = 3*f, -3*f = 5*p - 6*f - 207. Suppose p = r + 2*w, 2*w = 5*w - y. Is r prime?
True
Let k(a) = 19*a + 3. Let j(x) = 2 - 5 - 5*x - 14*x. Let i(z) = 3*j(z) + 2*k(z). Is i(-2) a prime number?
False
Let k be -3*((-15)/9 + 1). Suppose 0 = k*w - 3*f - f - 346, 3*f = -15. Is w a composite number?
False
Let v(c) be the second derivative of c**5/5 + c**3/3 - c**2/2 + c. Let h = 13 - 11. Is v(h) composite?
True
Let c(d) = 2*d**2 + 2*d + 29. Is c(6) a composite number?
False
Let n(a) = a**2 - 12*a - 8. Let w be n(7). Is (0 - w)*(-1)/(-1) a prime number?
True
Let z = -3 + 124. Is z prime?
False
Let t(w) = 13*w**2 - 11*w - 5. Is t(-7) a prime number?
True
Let m be (-21)/(-14) + 2/(-4). Suppose -c + 1 = -m. Suppose -24 = c*b - 70. Is b composite?
False
Let g be (-1200)/9*(-2 + -1). Suppose 3*l = l - 3*i + 175, 5*l - 5*i = g. Let o = -46 + l. Is o prime?
True
Let b = 147 + -105. Suppose m + 2*m = -b. Is ((-5)/(-2))/((-1)/m) a composite number?
True
Let n(j) = -j**3 - 7*j**2 + j + 8. Let w be n(-7). Is w/(-4) + 618/8 a composite number?
True
Suppose -337 = -5*y - 3*a + a, -2*y - 4*a = -122. Suppose 0 = 2*c + 8, 3*w - c - y - 7 = 0. Suppose 106 = 5*x - w. Is x a composite number?
True
Let d be 2/(-1)*(-1820)/8. Suppose -d = -4*v - v. Is v a composite number?
True
Let d = 158 - 33. Let m = -79 + d. Is m prime?
False
Suppose -254 = -h - 5*s, 2*h - 2*s = 3*h - 257. Is h a prime number?
False
Suppose -3*w + 4*w - 85 = 0. Is w a composite number?
True
Suppose -c = 2*q - 10 - 143, -5*c + 4*q + 709 = 0. Is c composite?
True
Suppose 2*r = 4*x - 994, 2*x - 86 = -2*r + 426. Is x prime?
True
Let y = -5 + 5. Let x = y + 6. Is x prime?
False
Let x = 123 + 196. Is x composite?
True
Suppose 15*q = 12*q + 4317. Is q composite?
False
Let y be ((-3)/(-6))/((-1)/6). Let m be 3*1/(y + 2). Is 4 - 4/(6/m) a prime number?
False
Let b = 6 + -4. Suppose -7*v + 45 = -b*v. Suppose 4*g = 5*s + 132, 2*g - 75 = -4*s - v. Is g prime?
False
Let f(j) be the first derivative of -6*j**2 - 3*j - 2. Let r(d) = -d + 15. Let g be r(18). Is f(g) composite?
True
Let f = -178 + 627. Is f a prime number?
True
Suppose -2*n - 4 + 2 = 0. Let z(w) = 6*w**2 + 2*w + 1. Let u be z(n). Suppose u*o = 4*j + 387, 7*o - 2*o - 3*j = 389. Is o a composite number?
False
Suppose 5 = 5*m + 25. Let n = m + 0. Is ((-30)/n)/3*4 composite?
True
Suppose 2*t + 2*t + g - 9 = 0, t = 5*g - 24. Let a = 1 + -1. Suppose -2*l = -2*d - 34, d + t - 3 = a. Is l a composite number?
False
Suppose c - 4*g + 0*g = -2, -4*c = -5*g - 14. Suppose 13 = 5*r - i, -c - 2 = -r + 2*i. Is r prime?
True
Let g(a) = a**3 - 4*a**2 - a + 2. Let h be g(8). Suppose -2*q + h = 54. Is q/2 + -4 + 2 a composite number?
False
Let g(m) be the second derivative of -89*m**3/6 + 3*m. Let n be g(-2). Suppose 0*r + 2*r = n. Is r a composite number?
False
Suppose -11*t + 596 = -7*t. Is t a composite number?
False
Suppose -2*r + 5*r = -4*h + 6, 2*h = 5*r + 16. Let z = h + 0. Is z + -2 + 128 + 2 a composite number?
False
Let m(l) = -127*l**3 + l**2 + 2*l - 1. Let x(t) = -127*t**3 + 2*t**2 + 2*t - 1. Let h(a) = -3*m(a) + 2*x(a). Is h(1) prime?
True
Let x be (-104)/((-3)/(-3)) + 0. Let c = x + 161. Is (c/(-6) - 0)*-10 a composite number?
True
Let q(b) = 34*b**2 + 1. Let i be (-2)/12 - 7/(-6). Is q(i) a composite number?
True
Suppose -2*l - 4 = -2. Is (-14)/(l/(33/6)) a prime number?
False
L